{"id":190,"date":"2013-01-17T10:34:50","date_gmt":"2013-01-17T10:34:50","guid":{"rendered":"http:\/\/itakablog.com\/?page_id=190"},"modified":"2015-04-13T17:59:07","modified_gmt":"2015-04-13T15:59:07","slug":"perche-noise-from-germany","status":"publish","type":"page","link":"https:\/\/itakablog.com\/?page_id=190","title":{"rendered":"<!--:en-->Why Noise from Germany?<!--:--><!--:it-->Perch\u00e9 Noise from Germany?<!--:-->"},"content":{"rendered":"<p><!--:en--><\/p>\n<header class=\"entry-header\">\n<h1 class=\"entry-title\">Why Noise from\u00a0Germany?<\/h1>\n<\/header>\n<div class=\"entry-content\">\n<p>I have the feeling of being surrounded by annoying background noise that confuses many people. We are full of preachers but we lack of scientists.<\/p>\n<p>As every Italian I love confusion and so I want to contribute to this noise as well\u2026 \u201cA noise from Germany\u201d tries to provide a collection of some analytic\u00a0discussion to describe things based on number than on feelings.<\/p>\n<p>The name comes from one of my favorite news web-sites\u00a0\u00a0<a href=\"http:\/\/noisefromamerika.org\/\" target=\"_blank\">noise from Amerika<\/a>.<\/p>\n<\/div>\n<p>Contacts: itakablog@gmail.com<!--:--><!--:it-->Ho l&#8217;impressione di essere circondato da un rumore di sottofondo fastidioso che confonde un po&#8217; tutti. Siamo pieni di predicatori ma scarseggiamo di scienziati.<\/p>\n<p>Da buon Italiano amo la confusione e quindi voglio contribuire anche io a questo rumore&#8230; diciamo &#8220;a noise from Germany&#8221; cercando per\u00f3 di essere, nel limite delle mie capacit\u00e1, il pi\u00fa analitico possibile, provando a ragionare con la testa e non con lo stomaco.<\/p>\n<p>Il riferimento al Noise non pu\u00f3 che venire da uno dei miei siti informativi preferiti\u00a0<a href=\"http:\/\/noisefromamerika.org\" target=\"_blank\">noise from Amerika<\/a>.<\/p>\n<p>Contacts: itakablog@gmail.com<!--:--><\/p>\n","protected":false},"excerpt":{"rendered":"<p>Why Noise from\u00a0Germany? I have the feeling of being surrounded by annoying background noise that confuses many people. We are full of preachers but we lack of scientists. As every Italian I love confusion and so I want to contribute to this noise as well\u2026 \u201cA noise from Germany\u201d tries to provide a collection of &hellip; <\/p>\n<p class=\"link-more\"><a href=\"https:\/\/itakablog.com\/?page_id=190\" class=\"more-link\">Continue reading<span class=\"screen-reader-text\"> &#8220;<!--:en-->Why Noise from Germany?<!--:--><!--:it-->Perch\u00e9 Noise from Germany?<!--:-->&#8220;<\/span><\/a><\/p>\n","protected":false},"author":1,"featured_media":223,"parent":0,"menu_order":0,"comment_status":"closed","ping_status":"closed","template":"","meta":{"om_disable_all_campaigns":false,"_monsterinsights_skip_tracking":false,"_monsterinsights_sitenote_active":false,"_monsterinsights_sitenote_note":"","_monsterinsights_sitenote_category":0,"_uf_show_specific_survey":0,"_uf_disable_surveys":false,"footnotes":""},"aioseo_notices":[],"_links":{"self":[{"href":"https:\/\/itakablog.com\/index.php?rest_route=\/wp\/v2\/pages\/190"}],"collection":[{"href":"https:\/\/itakablog.com\/index.php?rest_route=\/wp\/v2\/pages"}],"about":[{"href":"https:\/\/itakablog.com\/index.php?rest_route=\/wp\/v2\/types\/page"}],"author":[{"embeddable":true,"href":"https:\/\/itakablog.com\/index.php?rest_route=\/wp\/v2\/users\/1"}],"replies":[{"embeddable":true,"href":"https:\/\/itakablog.com\/index.php?rest_route=%2Fwp%2Fv2%2Fcomments&post=190"}],"version-history":[{"count":18,"href":"https:\/\/itakablog.com\/index.php?rest_route=\/wp\/v2\/pages\/190\/revisions"}],"predecessor-version":[{"id":197,"href":"https:\/\/itakablog.com\/index.php?rest_route=\/wp\/v2\/pages\/190\/revisions\/197"}],"wp:featuredmedia":[{"embeddable":true,"href":"https:\/\/itakablog.com\/index.php?rest_route=\/wp\/v2\/media\/223"}],"wp:attachment":[{"href":"https:\/\/itakablog.com\/index.php?rest_route=%2Fwp%2Fv2%2Fmedia&parent=190"}],"curies":[{"name":"wp","href":"https:\/\/api.w.org\/{rel}","templated":true}]}}